 37, 113, 6599
What are the prime factors of 46382126?
2, 7, 473287
What are the prime factors of 13426291?
13426291
List the prime factors of 49557888.
2, 3, 43019
What are the prime factors of 1281806877?
3, 13, 1187, 27689
List the prime factors of 175258845.
3, 5, 139, 28019
List the prime factors of 22925581.
7, 467869
What are the prime factors of 651654216?
2, 3, 23, 61, 6451
What are the prime factors of 1957076006?
2, 17, 79, 167, 4363
List the prime factors of 82087594.
2, 17, 2414341
What are the prime factors of 209136463?
53, 79, 199, 251
List the prime factors of 108640180.
2, 5, 11, 167, 2957
What are the prime factors of 3176432019?
3, 31, 163, 69847
List the prime factors of 131127443.
17, 613, 12583
What are the prime factors of 59471702?
2, 31, 503, 1907
What are the prime factors of 30885982?
2, 19, 31, 157, 167
List the prime factors of 1273339454.
2, 19, 1811, 18503
List the prime factors of 1688258239.
1688258239
List the prime factors of 546433677.
3, 109, 557017
List the prime factors of 1801208108.
2, 7, 23, 367, 7621
What are the prime factors of 5003199222?
2, 3, 7, 757, 157363
What are the prime factors of 7608680?
2, 5, 37, 53, 97
List the prime factors of 89838440.
2, 5, 2245961
What are the prime factors of 161809699?
161809699
List the prime factors of 363747900.
2, 3, 5, 41, 29573
List the prime factors of 1563401699.
1563401699
What are the prime factors of 115938588?
2, 3, 1777, 5437
What are the prime factors of 2238919551?
3, 11, 59, 587, 653
List the prime factors of 958567640.
2, 5, 23964191
What are the prime factors of 131206818?
2, 3, 19, 31, 137, 271
List the prime factors of 22819630.
2, 5, 139, 16417
What are the prime factors of 149996279?
19, 2281, 3461
What are the prime factors of 210178750?
2, 5, 168143
List the prime factors of 127640359.
7, 11, 150697
What are the prime factors of 409764166?
2, 7, 4181267
What are the prime factors of 633944946?
2, 3, 105657491
What are the prime factors of 229517055?
3, 5, 19, 331, 811
What are the prime factors of 36502137?
3, 7, 193133
What are the prime factors of 140462072?
2, 17557759
List the prime factors of 138307422.
2, 3, 11, 19, 53, 2081
List the prime factors of 31043613.
3, 10347871
List the prime factors of 2220272291.
3821, 581071
List the prime factors of 596507832.
2, 3, 17, 47, 10369
What are the prime factors of 231299038?
2, 7001, 16519
What are the prime factors of 175834902?
2, 3, 229, 127973
What are the prime factors of 153825474?
2, 3, 11, 2330689
List the prime factors of 10520702.
2, 1949, 2699
List the prime factors of 1345383173.
1345383173
What are the prime factors of 188306102?
2, 3221, 29231
What are the prime factors of 99741334?
2, 7, 11, 107, 6053
What are the prime factors of 695800163?
23, 79, 382939
List the prime factors of 1049148818.
2, 23, 22807583
What are the prime factors of 84699879?
3, 11, 353, 661
What are the prime factors of 188483470?
2, 5, 7, 29, 92849
What are the prime factors of 904616541?
3, 100512949
List the prime factors of 4704937710.
2, 3, 5, 11, 307, 46441
What are the prime factors of 637546725?
3, 5, 2833541
List the prime factors of 107523133.
173, 621521
List the prime factors of 267697632.
2, 3, 59, 151, 313
List the prime factors of 29124662.
2, 7, 283, 7351
List the prime factors of 113230526.
2, 1091, 51893
List the prime factors of 449119802.
2, 10391, 21611
List the prime factors of 125419526.
2, 3391, 18493
What are the prime factors of 283365855?
3, 5, 739, 8521
What are the prime factors of 1891280682?
2, 3, 2381, 44129
List the prime factors of 275053345.
5, 7, 461, 17047
What are the prime factors of 761122510?
2, 5, 76112251
List the prime factors of 275874959.
275874959
List the prime factors of 142694852.
2, 23, 73, 21247
What are the prime factors of 117952113?
3, 39317371
List the prime factors of 4694025903.
3, 7, 31932149
List the prime factors of 2039329337.
19, 463, 231821
List the prime factors of 1152579704.
2, 157, 917659
What are the prime factors of 85521249?
3, 11, 863851
List the prime factors of 60771075.
3, 5, 810281
What are the prime factors of 1347996671?
7, 79, 2437607
List the prime factors of 1364332565.
5, 151, 1807063
List the prime factors of 106166786.
2, 11, 4825763
What are the prime factors of 166630811?
166630811
List the prime factors of 1057816129.
17497, 60457
What are the prime factors of 1409528130?
2, 3, 5, 46984271
List the prime factors of 76843689.
3, 13, 17, 115903
What are the prime factors of 308025523?
13, 23694271
List the prime factors of 216350828.
2, 54087707
List the prime factors of 71387291.
71387291
What are the prime factors of 812356109?
83, 1301, 7523
What are the prime factors of 1148487007?
1148487007
What are the prime factors of 59588321?
13, 4583717
What are the prime factors of 159028982?
2, 7, 17, 29, 23041
List the prime factors of 4417285995.
3, 5, 181, 60259
List the prime factors of 29511206.
2, 47, 313949
List the prime factors of 1329886108.
2, 332471527
What are the prime factors of 11440845?
3, 5, 13, 41, 53
What are the prime factors of 2279429484?
2, 3, 43, 4417499
What are the prime factors of 180960876?
2, 3, 79, 63629
What are the prime factors of 3692772670?
2, 5, 67, 5511601
What are the prime factors of 218166478?
2, 29, 953, 3947
List the prime factors of 2846104356.
2, 3, 4733, 50111
List the prime factors of 348412438.
2, 11, 29, 546101
What are the prime factors of 30558048?
2, 3, 318313
List the prime factors of 18151196.
2, 7, 648257
List the prime factors of 123634803.
3, 41, 1005161
What are the prime factors of 426797978?
2, 127, 263, 6389
What are the prime factors of 287504294?
2, 7, 11, 547, 3413
What are the prime factors of 8507670?
2, 3, 5, 61, 4649
What are the prime factors of 7026921?
3, 11, 70979
What are the prime factors of 397107772?
2, 163, 751, 811
What are the prime factors of 6474153773?
37, 174977129
List the prime factors of 134025787.
7, 821, 23321
List the prime factors of 21130668.
2, 3, 13, 163, 277
List the prime factors of 875451756.
2, 3, 72954313
List the prime factors of 1134567615.
3, 5, 19, 67, 59417
What are the prime factors of 139588227?
3, 643, 24121
What are the prime factors of 136846491?
3, 541, 84317
List the prime factors of 5998852331.
173, 34675447
List the prime factors of 457269503.
1163, 393181
What are the prime factors of 2265822767?
13, 31, 131, 167, 257
List the prime factors of 3355876698.
2, 3, 199, 2810617
What are the prime factors of 1065672236?
2, 266418059
List the prime factors of 1380849950.
2, 5, 1553, 17783
List the prime factors of 6938186934.
2, 3, 7, 359, 421, 1093
List the prime factors of 2545978413.
3, 11, 739, 104399
List the prime factors of 5451948317.
7127, 764971
What are the prime factors of 327696389?
929, 352741
What are the prime factors of 1677165207?
3, 19, 29, 53401
What are the prime factors of 799398238?
2, 41, 229, 42571
What are the prime factors of 214925589?
3, 7960207
List the prime factors of 266874037.
23, 29, 47, 8513
What are the prime factors of 1393777325?
5, 139, 401087
List the prime factors of 50195732.
2, 1009, 12437
What are the prime factors of 57657926?
2, 43, 761, 881
What are the prime factors of 1106652621?
3, 17, 21699071
What are the prime factors of 8639364?
2, 3, 719947
What are the prime factors of 30187683?
3, 3354187
What are the prime factors of 701521185?
3, 5, 79, 139, 4259
What are the prime factors of 2413546679?
47, 61, 179, 4703
List the prime factors of 13222658.
2, 6611329
List the prime factors of 101811319.
223, 456553
What are the prime factors of 29725725?
3, 5, 29, 79, 173
What are the prime factors of 82830000?
2, 3, 5, 11, 251
List the prime factors of 1002386580.
2, 3, 5, 13, 1285111
What are the prime factors of 26148949?
163, 160423
List the prime factors of 4876633889.
17, 271, 281, 3767
List the prime factors of 203539177.
2543, 80039
List the prime factors of 3978917199.
3, 10531, 41981
List the prime factors of 6010570524.
2, 3, 7, 17, 37, 113759
List the prime factors of 358695607.
358695607
What are the prime factors of 403339778?
2, 201669889
List the prime factors of 238826471.
13, 379, 48473
What are the prime factors of 17504778?
2, 3, 2917463
List the pri